 Suppose -2*p + 3*z - 22 = 4*z, -2*p + 3*z - 22 = r. Let a be ((-6)/(-7))/(p/(-924)). Calculate the highest common divisor of a and 18.
18
Suppose 0 = -4*f + 5*g + 662, -70*f + 68*f + g + 334 = 0. What is the greatest common factor of f and 84?
84
Suppose 204 = 3*n + 3*l, 2*n + 2*l - 140 = l. Let i = n + -56. Suppose 4*q = -16, 4*t = -q - 20 + 80. Calculate the greatest common divisor of i and t.
16
Let m = -1784 - -2466. Calculate the highest common factor of m and 22.
22
Suppose 398*l - 196 = 384*l. Calculate the highest common divisor of 10 and l.
2
Suppose -14476 = 69*f - 91*f. Calculate the greatest common divisor of f and 28.
14
Let d = 63 + -51. Let l = 11 - 5. What is the highest common divisor of d and l?
6
Let v(z) = z**3 + 4*z**2 - 18*z. Let k be v(-6). Let i = -11 + 62. Suppose -r = 5*f - 4*r - i, 0 = -f - 2*r + 18. What is the highest common factor of f and k?
12
Suppose j - 720 = -0*k - 2*k, -k + 2887 = 4*j. Let c = j + -447. Calculate the greatest common divisor of c and 25.
25
Let q = -123 + 62. Let i = -36 - q. Calculate the highest common divisor of 50 and i.
25
Let x be (-972)/(4/(-1)) - (28 + -33). What is the greatest common factor of 124 and x?
124
Let u(o) = -6*o - o**2 + 7 - 23 + 21*o. Let r be u(12). Calculate the greatest common factor of r and 50.
10
Suppose 0 = -9*x + 2 + 7. Let i be 17 - ((-7)/x - -4). Calculate the highest common divisor of 10 and i.
10
Suppose 0 = 5*v - 3*b - 13, -4*v + 4*b = -b. Suppose -v*u + 24 = o, u - 4*u = 5*o - 10. Calculate the highest common divisor of 5 and u.
5
Let n = 759 - 408. What is the greatest common divisor of 13 and n?
13
Suppose 10*y = 21*y - 10692. What is the greatest common factor of 12 and y?
12
Suppose 2110 = -3*m + 5*m. Suppose -m = -17*o + 1801. What is the highest common divisor of 8 and o?
8
Suppose -63 - 39 = -a. Calculate the greatest common divisor of 18 and a.
6
Let z be ((-352)/33)/(2/(-3)). Suppose -21*p + z*p + 110 = 0. Calculate the highest common divisor of 88 and p.
22
Let d(r) = r**3 + 6*r**2 + 5*r + 4. Let x be d(-5). Suppose -x = v + 3*n - 1, 3*v + 3*n = 9. Calculate the highest common divisor of v and 15.
3
Let k(z) = 10*z**2 - 5. Let d be k(6). Suppose 358*s = d*s + 600. Calculate the highest common factor of s and 25.
25
Let h = -96 + 174. What is the greatest common divisor of h and 104?
26
Let s be ((-3)/6)/(2/(-28)). Suppose r = -s + 2, -3*r - 7 = 2*c. Let l = 2 - 1. What is the greatest common factor of c and l?
1
Suppose 3*a = x + 872, 16 = -6*x + 10*x. Calculate the greatest common divisor of 4 and a.
4
Suppose -12094 - 18101 = -61*t. What is the greatest common divisor of t and 60?
15
Let p be ((-363)/9)/((-1)/3). Let m be 126/(-26) - 4/26. Let f = 6 - m. Calculate the greatest common divisor of f and p.
11
Let o be (-2 - 33/(-55))*(-13 - (4 + -7)). Let p = 212 - 100. Calculate the greatest common factor of o and p.
14
Let r(c) = c**2 + 10*c + 18. Let w be r(-8). Suppose 0*h + 18 = t + w*h, -4*h - 36 = -t. Calculate the greatest common divisor of t and 120.
24
Let w = -301 - -369. Calculate the highest common factor of w and 20.
4
Let y = -1 + 5. Suppose -13 = p - y. Let q = 5 - p. What is the highest common divisor of 154 and q?
14
Suppose 87 = -4*v + 703. Let j = 2953 - 2939. What is the greatest common divisor of j and v?
14
Let g be 1470 + (-6)/14*(-10 - 4). Calculate the greatest common factor of 82 and g.
82
Suppose -4*i + 0*i = 4*v - 488, 0 = -5*v - 2*i + 601. What is the highest common factor of v and 7?
7
Suppose -3*s = -5*i - 18566 + 4757, 18447 = 4*s + 5*i. What is the highest common factor of 18 and s?
18
Let j(w) = 15*w**3 + w. Let y be j(1). Suppose 44 = 4*z - 2*b, -4*z + 3*b + 32 = -y. Suppose 20 = 5*a - 70. What is the highest common factor of z and a?
9
Let b = 544 + -376. What is the highest common divisor of 56 and b?
56
Suppose -5*z - 25 = 0, 2*k - 4*z - 36 = -2*k. Suppose -2*f + 245 = -n - 111, k*f - n - 708 = 0. Calculate the greatest common factor of 16 and f.
16
Suppose l + 10 = -4*o, 3*o = -4 - 5. Let z = 10 + -11. Let m be (-18)/(-5)*(z + 6). Calculate the greatest common divisor of m and l.
2
Let u(t) be the third derivative of -1/6*t**3 + 0*t + 0 + 1/24*t**4 + t**2. Let z be u(5). Calculate the highest common divisor of 28 and z.
4
Suppose 0*s = -q + 4*s + 325, 3*s = 6. Let h = q + -143. Let v = 302 - h. Calculate the greatest common divisor of v and 16.
16
Let t be 5/2*12/15. Suppose -65 = t*h - 7*h. Let r(i) = -13*i + 143. Let z be r(0). Calculate the greatest common divisor of h and z.
13
Suppose 11*g - 18 - 15 = 0. Suppose -2*b + 12 = -l, 2*l = -g*b - l. What is the greatest common divisor of b and 8?
4
Let c be 24 + (-3 + 2 - 3). Suppose -c + 5 = -5*k. Suppose 2*w + 0*m = -2*m + 38, k*m = -4*w + 74. What is the highest common divisor of w and 17?
17
Let l(k) = 2*k**3 - 17*k**2 + 8*k + 6. Let s be l(8). Calculate the highest common divisor of s and 96.
6
Suppose 5*n - 2*r + 18 = 0, -2*n - 6 = -3*r + r. Let g = n - -3. Let y(x) = 23*x**2 - x - 1. Let t be y(g). Calculate the highest common factor of 115 and t.
23
Suppose -g - 4 = -3*c - 163, -3*c = -3*g + 471. What is the highest common divisor of 507 and g?
39
Suppose 0 = -3452*q + 3455*q - 66. Calculate the greatest common divisor of q and 1705.
11
Suppose 0*n = 6*n - 12. Let t(b) = 0*b**3 - b**2 - 5*b**3 + 6*b**3. Let f be t(n). What is the highest common factor of 2 and f?
2
Suppose 3*r - 15 = -0*r. Suppose 4*t - 4*c = 2*t, r*c - 26 = -4*t. Suppose 5 = 5*w - t*w. What is the highest common factor of w and 40?
5
Suppose s + 0*s = -2*j - 5, -j = 5*s - 11. Suppose i - 32 = 5*l, -3*l = 2*i + l - 50. Let u = -21 + i. Calculate the highest common factor of s and u.
3
Let k = 51 - 54. Let l be (84/(-8))/(k/6 + 0). Calculate the greatest common factor of l and 189.
21
Let v(a) = 5*a + 46. Let c(r) = 5*r + 47. Let x(i) = 2*c(i) - 3*v(i). Let l be x(-12). Calculate the highest common divisor of 80 and l.
16
Let u(g) = g**3 + 4*g**2 - 5. Let r be u(-3). Let a be (-60)/(-9)*(r - 1). What is the highest common divisor of a and 180?
20
Suppose -3*p = -4*s - 12 + 143, 2*s + 2*p - 76 = 0. What is the highest common divisor of 70 and s?
35
Let w(s) = -3*s - 90. Let k be w(-50). Calculate the greatest common factor of 120 and k.
60
Suppose -3*q + r + 191 = -q, -4*q + 384 = -4*r. Calculate the greatest common factor of 57 and q.
19
Let u(i) = -13*i**2 - 3*i - 5. Let a be u(4). Let v be (a/5)/((-3)/2). What is the highest common factor of v and 45?
15
Suppose 0 = 8*t - 451 - 2541. What is the highest common divisor of 34 and t?
34
Let n(s) = -6*s + 9. Let v be n(-9). Suppose -2*t - 196 = -4*i, 0*t - 294 = 3*t + 5*i. Let h = 140 + t. What is the highest common factor of h and v?
21
Suppose 19 = -4*k + 107. Suppose 27*d = 115*d - 1936. What is the greatest common factor of k and d?
22
Suppose 9 = -k + 16. Let g(x) = -4 + x**2 + 2 - 5*x**2 + 3*x**3 - 2*x - 6*x**3. Let q be g(-3). What is the greatest common factor of k and q?
7
Let d(q) = -q**3 + q**2 + 15*q + 23. Let g be d(-2). What is the greatest common divisor of g and 3?
1
Suppose -5*c + 71 = 21. Let b = c - -184. Suppose -5*v + b = -166. What is the highest common divisor of 9 and v?
9
Let k(f) = 6 - 2 + 3*f**3 - f - 5*f**2 + 5. Let y be k(3). Calculate the greatest common divisor of y and 63.
21
Let r(f) = -3*f**3 + 26*f**2 - 9*f + 10. Let d be r(6). What is the highest common divisor of d and 4?
4
Let y(g) = 8*g. Let p = 8 + -8. Suppose s + 3 - 9 = p. Let o be y(s). What is the greatest common divisor of 16 and o?
16
Let r(z) = -7*z + 54. Let s be r(-12). Let m = 190 - s. What is the greatest common factor of m and 260?
52
Let q = 495 + -492. Calculate the highest common divisor of q and 669.
3
Let q = -11 + 7. Let d = 7 + q. Suppose -d = -n + 1. Calculate the greatest common divisor of n and 6.
2
Let h(p) = -p**2 + p. Let c be h(-1). Let s = 2 + c. Suppose s = y + 5, 0 = 3*t + t + 5*y - 695. Calculate the greatest common divisor of 20 and t.
20
Let x(c) = 23*c**2 - 6*c + 1. Let g be x(1). Let m(d) = d**3 + 6*d**2 - 2*d - 8. Let r be m(-5). Calculate the highest common factor of r and g.
9
Let v be 10*4 + 0 + 0. Let i = -2098 + 2118. Calculate the greatest common divisor of v and i.
20
Let x(w) = -3*w**3 - w**2 - w**3 